{"id":51,"date":"2020-03-22T12:07:38","date_gmt":"2020-03-22T12:07:38","guid":{"rendered":"http:\/\/witt24.de\/?page_id=51"},"modified":"2022-02-19T21:50:04","modified_gmt":"2022-02-19T21:50:04","slug":"danielas-kuechenblog","status":"publish","type":"page","link":"https:\/\/witt24.de\/?page_id=51","title":{"rendered":"Daniela`s Foodblog"},"content":{"rendered":"<nav class=\"is-layout-flex is-responsive wp-block-navigation\" aria-label=\"Daniela`s K\u00fcchenblog\"><button aria-haspopup=\"true\" aria-label=\"Men\u00fc \u00f6ffnen\" class=\"wp-block-navigation__responsive-container-open \" data-micromodal-trigger=\"modal-1\"><svg width=\"24\" height=\"24\" xmlns=\"http:\/\/www.w3.org\/2000\/svg\" viewBox=\"0 0 24 24\" aria-hidden=\"true\" focusable=\"false\"><rect x=\"4\" y=\"7.5\" width=\"16\" height=\"1.5\" \/><rect x=\"4\" y=\"15\" width=\"16\" height=\"1.5\" \/><\/svg><\/button>\n\t\t\t<div class=\"wp-block-navigation__responsive-container  \" style=\"\" id=\"modal-1\">\n\t\t\t\t<div class=\"wp-block-navigation__responsive-close\" tabindex=\"-1\" data-micromodal-close>\n\t\t\t\t\t<div class=\"wp-block-navigation__responsive-dialog\" aria-label=\"Men\u00fc\">\n\t\t\t\t\t\t\t<button aria-label=\"Men\u00fc schlie\u00dfen\" data-micromodal-close class=\"wp-block-navigation__responsive-container-close\"><svg xmlns=\"http:\/\/www.w3.org\/2000\/svg\" viewBox=\"0 0 24 24\" width=\"24\" height=\"24\" aria-hidden=\"true\" focusable=\"false\"><path d=\"M13 11.8l6.1-6.3-1-1-6.1 6.2-6.1-6.2-1 1 6.1 6.3-6.5 6.7 1 1 6.5-6.6 6.5 6.6 1-1z\"><\/path><\/svg><\/button>\n\t\t\t\t\t\t<div class=\"wp-block-navigation__responsive-container-content\" id=\"modal-1-content\">\n\t\t\t\t\t\t\t<ul class=\"wp-block-navigation__container\"><li class=\" wp-block-navigation-item wp-block-navigation-link\"><a class=\"wp-block-navigation-item__content\"  href=\"http:\/\/witt24.de\/?page_id=1973\"><span class=\"wp-block-navigation-item__label\">Vorspeise<\/span><\/a><\/li><li class=\" wp-block-navigation-item wp-block-navigation-link\"><a class=\"wp-block-navigation-item__content\"  href=\"http:\/\/Vorspeise\"><span class=\"wp-block-navigation-item__label\">Suppen<\/span><\/a><\/li><li class=\" wp-block-navigation-item wp-block-navigation-link\"><a class=\"wp-block-navigation-item__content\"  href=\"http:\/\/Haupspeisen\"><span class=\"wp-block-navigation-item__label\">Fleisch<\/span><\/a><\/li><li class=\" wp-block-navigation-item wp-block-navigation-link\"><a class=\"wp-block-navigation-item__content\"  href=\"http:\/\/Fisch\"><span class=\"wp-block-navigation-item__label\">Fisch<\/span><\/a><\/li><li class=\" wp-block-navigation-item wp-block-navigation-link\"><a class=\"wp-block-navigation-item__content\"  href=\"http:\/\/Gefl%C3%BCgel\"><span class=\"wp-block-navigation-item__label\">Gefl\u00fcgel<\/span><\/a><\/li><li class=\" wp-block-navigation-item wp-block-navigation-link\"><a class=\"wp-block-navigation-item__content\"  href=\"http:\/\/Nachspeisen\"><span class=\"wp-block-navigation-item__label\">Nachspeisen<\/span><\/a><\/li><li class=\" wp-block-navigation-item wp-block-navigation-link\"><a class=\"wp-block-navigation-item__content\"  href=\"http:\/\/Nudelgerichte\"><span class=\"wp-block-navigation-item__label\">Nudelgerichte<\/span><\/a><\/li><li class=\" wp-block-navigation-item wp-block-navigation-link\"><a class=\"wp-block-navigation-item__content\"  href=\"http:\/\/sonstige%20Rezepte\"><span class=\"wp-block-navigation-item__label\">sonstige Rezepte<\/span><\/a><\/li><\/ul>\n\t\t\t\t\t\t<\/div>\n\t\t\t\t\t<\/div>\n\t\t\t\t<\/div>\n\t\t\t<\/div><\/nav>\n\n<div id=\"recipe\"><\/div><div id=\"wprm-recipe-container-1933\" class=\"wprm-recipe-container\" data-recipe-id=\"1933\" data-servings=\"0\"><div class=\"wprm-recipe wprm-recipe-template-compact\"><div class=\"wprm-container-float-right\">\n\t<div class=\"wprm-recipe-image wprm-block-image-normal\"><img style=\"border-width: 0px;border-style: solid;border-color: #666666;\" width=\"150\" height=\"150\" src=\"https:\/\/witt24.de\/wp-content\/uploads\/2022\/02\/Thunfisch-Tartar-150x150.jpg\" class=\"attachment-150x150 size-150x150\" alt=\"\" decoding=\"async\" loading=\"lazy\" srcset=\"https:\/\/witt24.de\/wp-content\/uploads\/2022\/02\/Thunfisch-Tartar-150x150.jpg 150w, https:\/\/witt24.de\/wp-content\/uploads\/2022\/02\/Thunfisch-Tartar-500x500.jpg 500w\" sizes=\"(max-width: 150px) 100vw, 150px\" \/><\/div>\n\t<div class=\"wprm-spacer\" style=\"height: 5px\"><\/div>\n\t<a href=\"https:\/\/witt24.de\/?wprm_print=1933\" style=\"color: #444444;background-color: #ffffff;border-color: #777777;border-radius: 0px;padding: 5px 5px;\" class=\"wprm-recipe-print wprm-recipe-link wprm-print-recipe-shortcode wprm-block-text-normal wprm-recipe-print-wide-button wprm-recipe-link-wide-button wprm-color-accent\" data-recipe-id=\"1933\" data-template=\"\" target=\"_blank\" rel=\"nofollow\"><span class=\"wprm-recipe-icon wprm-recipe-print-icon\"><svg xmlns=\"http:\/\/www.w3.org\/2000\/svg\" xmlns:xlink=\"http:\/\/www.w3.org\/1999\/xlink\" x=\"0px\" y=\"0px\" width=\"16px\" height=\"16px\" viewBox=\"0 0 24 24\"><g ><path fill=\"#444444\" d=\"M19,5.09V1c0-0.552-0.448-1-1-1H6C5.448,0,5,0.448,5,1v4.09C2.167,5.569,0,8.033,0,11v7c0,0.552,0.448,1,1,1h4v4c0,0.552,0.448,1,1,1h12c0.552,0,1-0.448,1-1v-4h4c0.552,0,1-0.448,1-1v-7C24,8.033,21.833,5.569,19,5.09z M7,2h10v3H7V2z M17,22H7v-9h10V22z M18,10c-0.552,0-1-0.448-1-1c0-0.552,0.448-1,1-1s1,0.448,1,1C19,9.552,18.552,10,18,10z\"\/><\/g><\/svg><\/span> Rezept drucken<\/a>\n\t\n\t\n<\/div>\n<h2 class=\"wprm-recipe-name wprm-block-text-bold\">Thunfisch Tartar<\/h2>\n<div class=\"wprm-spacer\" style=\"height: 5px\"><\/div>\n\n<div class=\"wprm-spacer\"><\/div>\n\n<div class=\"wprm-spacer\" style=\"height: 5px\"><\/div>\n<div class=\"wprm-recipe-meta-container wprm-recipe-tags-container wprm-recipe-details-container wprm-recipe-details-container-inline wprm-block-text-normal\" style=\"\"><div class=\"wprm-recipe-block-container wprm-recipe-block-container-inline wprm-block-text-normal wprm-recipe-tag-container wprm-recipe-course-container\" style=\"\"><span class=\"wprm-recipe-details-label wprm-block-text-faded wprm-recipe-tag-label wprm-recipe-course-label\">Gericht: <\/span><span class=\"wprm-recipe-course wprm-block-text-normal\">Vorspeise<\/span><\/div><\/div>\n\n\n<div class=\"wprm-recipe-block-container wprm-recipe-block-container-inline wprm-block-text-normal wprm-recipe-author-container\" style=\"\"><span class=\"wprm-recipe-details-label wprm-block-text-faded wprm-recipe-author-label\">Autor: <\/span><span class=\"wprm-recipe-details wprm-recipe-author wprm-block-text-normal\">Daniela<\/span><\/div>\n\n\n\n\n\n\n<\/div><\/div>\n\n<div id=\"wprm-recipe-container-1937\" class=\"wprm-recipe-container\" data-recipe-id=\"1937\" data-servings=\"0\"><div class=\"wprm-recipe wprm-recipe-template-compact\"><div class=\"wprm-container-float-right\">\n\t\n\t<div class=\"wprm-spacer\" style=\"height: 5px\"><\/div>\n\t<a href=\"https:\/\/witt24.de\/?wprm_print=1937\" style=\"color: #444444;background-color: #ffffff;border-color: #777777;border-radius: 0px;padding: 5px 5px;\" class=\"wprm-recipe-print wprm-recipe-link wprm-print-recipe-shortcode wprm-block-text-normal wprm-recipe-print-wide-button wprm-recipe-link-wide-button wprm-color-accent\" data-recipe-id=\"1937\" data-template=\"\" target=\"_blank\" rel=\"nofollow\"><span class=\"wprm-recipe-icon wprm-recipe-print-icon\"><svg xmlns=\"http:\/\/www.w3.org\/2000\/svg\" xmlns:xlink=\"http:\/\/www.w3.org\/1999\/xlink\" x=\"0px\" y=\"0px\" width=\"16px\" height=\"16px\" viewBox=\"0 0 24 24\"><g ><path fill=\"#444444\" d=\"M19,5.09V1c0-0.552-0.448-1-1-1H6C5.448,0,5,0.448,5,1v4.09C2.167,5.569,0,8.033,0,11v7c0,0.552,0.448,1,1,1h4v4c0,0.552,0.448,1,1,1h12c0.552,0,1-0.448,1-1v-4h4c0.552,0,1-0.448,1-1v-7C24,8.033,21.833,5.569,19,5.09z M7,2h10v3H7V2z M17,22H7v-9h10V22z M18,10c-0.552,0-1-0.448-1-1c0-0.552,0.448-1,1-1s1,0.448,1,1C19,9.552,18.552,10,18,10z\"\/><\/g><\/svg><\/span> Rezept drucken<\/a>\n\t\n\t\n<\/div>\n<h2 class=\"wprm-recipe-name wprm-block-text-bold\">Grie\u00dfnockerl<\/h2>\n<div class=\"wprm-spacer\" style=\"height: 5px\"><\/div>\n\n<div class=\"wprm-spacer\"><\/div>\n\n<div class=\"wprm-spacer\" style=\"height: 5px\"><\/div>\n\n\n\n\n\n\n\n<div class=\"wprm-recipe-instructions-container wprm-recipe-1937-instructions-container wprm-block-text-normal\" data-recipe=\"1937\"><h3 class=\"wprm-recipe-header wprm-recipe-instructions-header wprm-block-text-bold wprm-align-left wprm-header-decoration-none\" style=\"\">Anleitungen<\/h3><div class=\"wprm-recipe-instruction-group\"><ul class=\"wprm-recipe-instructions\"><li id=\"wprm-recipe-1937-step-0-0\" class=\"wprm-recipe-instruction\" style=\"list-style-type: decimal;\"><div class=\"wprm-recipe-instruction-text\" style=\"margin-bottom: 5px\";><span style=\"display: block;\">1. F\u00fcr die\u00a0<strong>Grie\u00dfnockerl<\/strong>\u00a0zuerst die weiche Butter schaumig r\u00fchren. Daraufhin das ganze Ei hinzugeben und wieder schaumig r\u00fchren. Dann den Grie\u00df in einem Zug rasch unterr\u00fchren.<\/span><div class=\"wprm-spacer\"><\/div><span style=\"display: block;\">2.\u00a0Die Grie\u00dfnockerlmasse nun nicht mehr anr\u00fchren und mindestens eine \u00bd bis 1 Stunde ruhen lassen.<\/span><div class=\"wprm-spacer\"><\/div><span style=\"display: block;\">3.\u00a0Wasser in einem gro\u00dfen Topf aufkochen und salzen. Mit 2 Kaffeel\u00f6ffel Grie\u00dfnockerl formen und in Salzwasser einkochen.\u00a0<\/span><div class=\"wprm-spacer\"><\/div><span style=\"display: block;\">4.\u00a0Die Nockerl rund\u00a0\u00bd Stunde sanft k\u00f6cheln, eher nur ziehen lassen. In dieser Zeit werden aus den kleinen geformten Nockerl, sch\u00f6ne flaumige Grie\u00dfnockerl.<\/span><div class=\"wprm-spacer\"><\/div><span style=\"display: block;\">5.\u00a0Die Grie\u00dfnockerl abseihen und im Suppentopf mit klarer,\u00a0hei\u00dfer Rindsuppe<a href=\"https:\/\/www.steirische-spezialitaeten.at\/rezepte\/rindsuppe.html\"><\/a>\u00a0servieren. Die\u00a0<strong>Grie\u00dfnockerlsuppe<\/strong>\u00a0mit fein geschnittenem Schnittlauch garnieren!<\/span><div class=\"wprm-spacer\"><\/div><span style=\"display: block;\">6.\u00a0Oder gleich in der Suppe ziehen lassen 1 Ei ca. 72g ansonsten mit Butter auff\u00fcllen.<\/span><\/div><\/li><\/ul><\/div><\/div>\n\n\n<\/div><\/div>\n\n<div id=\"wprm-recipe-container-116\" class=\"wprm-recipe-container\" data-recipe-id=\"116\" data-servings=\"0\"><div class=\"wprm-recipe wprm-recipe-template-compact\"><div class=\"wprm-container-float-right\">\n\t<div class=\"wprm-recipe-image wprm-block-image-normal\"><img style=\"border-width: 0px;border-style: solid;border-color: #666666;\" width=\"150\" height=\"150\" src=\"https:\/\/witt24.de\/wp-content\/uploads\/2020\/03\/IMG_9567-1-150x150.jpg\" class=\"attachment-150x150 size-150x150\" alt=\"\" decoding=\"async\" loading=\"lazy\" srcset=\"https:\/\/witt24.de\/wp-content\/uploads\/2020\/03\/IMG_9567-1-150x150.jpg 150w, https:\/\/witt24.de\/wp-content\/uploads\/2020\/03\/IMG_9567-1-500x500.jpg 500w\" sizes=\"(max-width: 150px) 100vw, 150px\" \/><\/div>\n\t<div class=\"wprm-spacer\" style=\"height: 5px\"><\/div>\n\t<a href=\"https:\/\/witt24.de\/?wprm_print=116\" style=\"color: #444444;background-color: #ffffff;border-color: #777777;border-radius: 0px;padding: 5px 5px;\" class=\"wprm-recipe-print wprm-recipe-link wprm-print-recipe-shortcode wprm-block-text-normal wprm-recipe-print-wide-button wprm-recipe-link-wide-button wprm-color-accent\" data-recipe-id=\"116\" data-template=\"\" target=\"_blank\" rel=\"nofollow\"><span class=\"wprm-recipe-icon wprm-recipe-print-icon\"><svg xmlns=\"http:\/\/www.w3.org\/2000\/svg\" xmlns:xlink=\"http:\/\/www.w3.org\/1999\/xlink\" x=\"0px\" y=\"0px\" width=\"16px\" height=\"16px\" viewBox=\"0 0 24 24\"><g ><path fill=\"#444444\" d=\"M19,5.09V1c0-0.552-0.448-1-1-1H6C5.448,0,5,0.448,5,1v4.09C2.167,5.569,0,8.033,0,11v7c0,0.552,0.448,1,1,1h4v4c0,0.552,0.448,1,1,1h12c0.552,0,1-0.448,1-1v-4h4c0.552,0,1-0.448,1-1v-7C24,8.033,21.833,5.569,19,5.09z M7,2h10v3H7V2z M17,22H7v-9h10V22z M18,10c-0.552,0-1-0.448-1-1c0-0.552,0.448-1,1-1s1,0.448,1,1C19,9.552,18.552,10,18,10z\"\/><\/g><\/svg><\/span> Rezept drucken<\/a>\n\t\n\t\n<\/div>\n<h2 class=\"wprm-recipe-name wprm-block-text-bold\">Spaghetti mit frischen Kr\u00e4utern<\/h2>\n<div class=\"wprm-spacer\" style=\"height: 5px\"><\/div>\n\n<div class=\"wprm-spacer\"><\/div>\n\n<div class=\"wprm-spacer\" style=\"height: 5px\"><\/div>\n<div class=\"wprm-recipe-meta-container wprm-recipe-tags-container wprm-recipe-details-container wprm-recipe-details-container-inline wprm-block-text-normal\" style=\"\"><div class=\"wprm-recipe-block-container wprm-recipe-block-container-inline wprm-block-text-normal wprm-recipe-tag-container wprm-recipe-course-container\" style=\"\"><span class=\"wprm-recipe-details-label wprm-block-text-faded wprm-recipe-tag-label wprm-recipe-course-label\">Gericht: <\/span><span class=\"wprm-recipe-course wprm-block-text-normal\">Hauptgericht<\/span><\/div><div class=\"wprm-recipe-block-container wprm-recipe-block-container-inline wprm-block-text-normal wprm-recipe-tag-container wprm-recipe-cuisine-container\" style=\"\"><span class=\"wprm-recipe-details-label wprm-block-text-faded wprm-recipe-tag-label wprm-recipe-cuisine-label\">Land &amp; Region: <\/span><span class=\"wprm-recipe-cuisine wprm-block-text-normal\">Italienisch<\/span><\/div><\/div>\n\n\n\n\n\n<div class=\"wprm-recipe-ingredients-container wprm-recipe-116-ingredients-container wprm-block-text-normal wprm-ingredient-style-regular wprm-recipe-images-before\" data-recipe=\"116\" data-servings=\"0\"><h3 class=\"wprm-recipe-header wprm-recipe-ingredients-header wprm-block-text-bold wprm-align-left wprm-header-decoration-none\" style=\"\">Zutaten<\/h3><div class=\"wprm-recipe-ingredient-group\"><ul class=\"wprm-recipe-ingredients\"><li class=\"wprm-recipe-ingredient\" style=\"list-style-type: disc;\"><span class=\"wprm-recipe-ingredient-amount\">1<\/span>&#32;<span class=\"wprm-recipe-ingredient-unit\">EL<\/span>&#32;<span class=\"wprm-recipe-ingredient-name\">Oliven\u00f6l<\/span>&#32;<span class=\"wprm-recipe-ingredient-notes wprm-recipe-ingredient-notes-faded\">Extra Nativ<\/span><\/li><li class=\"wprm-recipe-ingredient\" style=\"list-style-type: disc;\"><span class=\"wprm-recipe-ingredient-amount\">100<\/span>&#32;<span class=\"wprm-recipe-ingredient-unit\">g<\/span>&#32;<span class=\"wprm-recipe-ingredient-name\">Spaghetti<\/span><\/li><\/ul><\/div><\/div>\n<div class=\"wprm-recipe-instructions-container wprm-recipe-116-instructions-container wprm-block-text-normal\" data-recipe=\"116\"><h3 class=\"wprm-recipe-header wprm-recipe-instructions-header wprm-block-text-bold wprm-align-left wprm-header-decoration-none\" style=\"\">Anleitungen<\/h3><div class=\"wprm-recipe-instruction-group\"><ul class=\"wprm-recipe-instructions\"><li id=\"wprm-recipe-116-step-0-0\" class=\"wprm-recipe-instruction\" style=\"list-style-type: decimal;\"><div class=\"wprm-recipe-instruction-text\" style=\"margin-bottom: 5px\";><span style=\"display: block;\">Spaghetti in Hei\u00dfwasser kochen. Kr\u00e4uter und Knoblauch klein schneiden und in Oliven\u00f6l verr\u00fchren.<\/span><\/div><\/li><li id=\"wprm-recipe-116-step-0-1\" class=\"wprm-recipe-instruction\" style=\"list-style-type: decimal;\"><div class=\"wprm-recipe-instruction-text\" style=\"margin-bottom: 5px\";><span style=\"display: block;\">Spaghetti in der Kr\u00e4utermarinade wenden und auf dem Teller anrichten<\/span><\/div><\/li><\/ul><\/div><\/div>\n\n<div class=\"wprm-recipe-notes-container wprm-block-text-normal\"><h3 class=\"wprm-recipe-header wprm-recipe-notes-header wprm-block-text-bold wprm-align-left wprm-header-decoration-none\" style=\"\">Notizen<\/h3><div class=\"wprm-recipe-notes\"><span style=\"display: block;\">Sehr lecker.<\/span><\/div><\/div>\n<\/div><\/div>\n\n\n<p><\/p>\n","protected":false},"excerpt":{"rendered":"","protected":false},"author":1,"featured_media":0,"parent":0,"menu_order":0,"comment_status":"closed","ping_status":"closed","template":"","meta":{"wprm-recipe-roundup-name":"","wprm-recipe-roundup-description":""},"_links":{"self":[{"href":"https:\/\/witt24.de\/index.php?rest_route=\/wp\/v2\/pages\/51"}],"collection":[{"href":"https:\/\/witt24.de\/index.php?rest_route=\/wp\/v2\/pages"}],"about":[{"href":"https:\/\/witt24.de\/index.php?rest_route=\/wp\/v2\/types\/page"}],"author":[{"embeddable":true,"href":"https:\/\/witt24.de\/index.php?rest_route=\/wp\/v2\/users\/1"}],"replies":[{"embeddable":true,"href":"https:\/\/witt24.de\/index.php?rest_route=%2Fwp%2Fv2%2Fcomments&post=51"}],"version-history":[{"count":19,"href":"https:\/\/witt24.de\/index.php?rest_route=\/wp\/v2\/pages\/51\/revisions"}],"predecessor-version":[{"id":1971,"href":"https:\/\/witt24.de\/index.php?rest_route=\/wp\/v2\/pages\/51\/revisions\/1971"}],"wp:attachment":[{"href":"https:\/\/witt24.de\/index.php?rest_route=%2Fwp%2Fv2%2Fmedia&parent=51"}],"curies":[{"name":"wp","href":"https:\/\/api.w.org\/{rel}","templated":true}]}}